en 376891681 is divided by 67.
65
Calculate the remainder when 15395420 is divided by 2013.
2009
Calculate the remainder when 3557767 is divided by 57.
55
Calculate the remainder when 2868801 is divided by 81.
24
Calculate the remainder when 85717 is divided by 3870.
577
What is the remainder when 582682 is divided by 125?
57
Calculate the remainder when 91049159 is divided by 57.
38
What is the remainder when 51464810 is divided by 39?
20
Calculate the remainder when 152945 is divided by 30537.
260
Calculate the remainder when 101537766 is divided by 11940.
6
What is the remainder when 5275381 is divided by 1011?
994
Calculate the remainder when 569901 is divided by 1439.
57
What is the remainder when 6746998 is divided by 1499?
1498
Calculate the remainder when 1185747 is divided by 523.
106
What is the remainder when 7290279 is divided by 1367?
68
Calculate the remainder when 1946226 is divided by 243278.
2
Calculate the remainder when 8562922 is divided by 137.
11
Calculate the remainder when 168280 is divided by 21022.
104
Calculate the remainder when 39516 is divided by 9629.
1000
Calculate the remainder when 686885 is divided by 1128.
1061
Calculate the remainder when 7605 is divided by 3776.
53
What is the remainder when 412521607 is divided by 103130401?
3
What is the remainder when 9640561 is divided by 2410140?
1
What is the remainder when 452190 is divided by 150658?
216
What is the remainder when 18072184 is divided by 4653?
4585
Calculate the remainder when 10210929 is divided by 7437.
7365
What is the remainder when 103069014 is divided by 51534501?
12
What is the remainder when 28310 is divided by 157?
50
Calculate the remainder when 228813267 is divided by 1247.
1237
What is the remainder when 6506870 is divided by 649?
645
Calculate the remainder when 26820144 is divided by 318.
24
Calculate the remainder when 29218434 is divided by 211.
209
Calculate the remainder when 2406857 is divided by 321.
320
Calculate the remainder when 23590 is divided by 5890.
30
What is the remainder when 22976653 is divided by 21?
7
What is the remainder when 75033779 is divided by 438?
437
What is the remainder when 73193 is divided by 9137?
97
Calculate the remainder when 375814 is divided by 452.
202
Calculate the remainder when 5869585 is divided by 867.
862
What is the remainder when 181721706 is divided by 92?
86
Calculate the remainder when 3232051 is divided by 179557.
25
What is the remainder when 88655 is divided by 7928?
1447
What is the remainder when 3182596 is divided by 1591291?
14
Calculate the remainder when 36464 is divided by 3596.
504
What is the remainder when 55304 is divided by 27379?
546
Calculate the remainder when 4220132 is divided by 10096.
4
Calculate the remainder when 134099 is divided by 1474.
1439
What is the remainder when 192793 is divided by 48163?
141
What is the remainder when 905626 is divided by 301494?
1144
Calculate the remainder when 112993243 is divided by 13.
12
Calculate the remainder when 14822308 is divided by 75624.
4
Calculate the remainder when 1433378 is divided by 22396.
34
What is the remainder when 134479661 is divided by 377?
368
What is the remainder when 121228043 is divided by 6061401?
23
Calculate the remainder when 19846818 is divided by 170.
168
Calculate the remainder when 328178 is divided by 2645.
198
Calculate the remainder when 8365752 is divided by 9.
0
Calculate the remainder when 1680320 is divided by 841.
2
Calculate the remainder when 246867 is divided by 251.
134
What is the remainder when 3962799 is divided by 1359?
1314
What is the remainder when 49257 is divided by 1171?
75
Calculate the remainder when 72250528 is divided by 70973.
14
What is the remainder when 625221 is divided by 1495?
311
What is the remainder when 11485 is divided by 1786?
769
Calculate the remainder when 108104 is divided by 108084.
20
Calculate the remainder when 908787 is divided by 30.
27
What is the remainder when 147761839 is divided by 16?
15
What is the remainder when 2614010 is divided by 19363?
5
Calculate the remainder when 6439 is divided by 1458.
607
Calculate the remainder when 25064 is divided by 9248.
6568
What is the remainder when 507262 is divided by 32?
30
Calculate the remainder when 1640303 is divided by 476.
7
What is the remainder when 16728191 is divided by 1620?
71
What is the remainder when 44430 is divided by 134?
76
What is the remainder when 151585132 is divided by 733?
732
Calculate the remainder when 234962 is divided by 1183.
728
Calculate the remainder when 344226 is divided by 31266.
300
Calculate the remainder when 3953328 is divided by 2152.
104
Calculate the remainder when 25546 is divided by 655.
1
Calculate the remainder when 164609 is divided by 20533.
345
Calculate the remainder when 1488974 is divided by 1758.
1706
Calculate the remainder when 47524946 is divided by 32.
18
What is the remainder when 662438 is divided by 40?
38
What is the remainder when 475929 is divided by 9914?
57
What is the remainder when 3752450 is divided by 1495?
0
What is the remainder when 84331150 is divided by 1195?
0
Calculate the remainder when 16852781 is divided by 1081.
1072
Calculate the remainder when 195012 is divided by 38974.
142
Calculate the remainder when 9419847 is divided by 10.
7
What is the remainder when 649150 is divided by 359?
78
Calculate the remainder when 80155752 is divided by 26718584.
0
Calculate the remainder when 84503355 is divided by 54.
51
Calculate the remainder when 555229 is divided by 555169.
60
What is the remainder when 382362 is divided by 1348?
878
Calculate the remainder when 176881563 is divided by 3563.
3554
What is the remainder when 5290596 is divided by 581?
10
What is the remainder when 458369 is divided by 8038?
203
Calculate the remainder when 2673066 is divided by 1277.
305
Calculate the remainder when 128032044 is divided by 122.
120
What is the remainder when 1740239 is divided by 26772?
59
Calculate the remainder when 340944 is divided by 8.
0
What is the remainder when 36515 is divided by 18124?
267
Calculate the remainder when 30573254 is divided by 24.
14
Calculate the remainder when 62246197 is divided by 41.
38
What is the remainder when 535964 is divided by 847?
660
What is the remainder when 327694079 is divided by 163847037?
5
Calculate the remainder when 519596 is divided by 2678.
64
What is the remainder when 8887969 is divided by 4443907?
155
What is the remainder when 2287593 is divided by 490?
273
Calculate the remainder when 74094779 is divided by 717.
716
Calculate the remainder when 1020453 is divided by 6074.
21
What is the remainder when 171876990 is divided by 9?
3
Calculate the remainder when 148476 is divided by 1084.
1052
What is the remainder when 733915 is divided by 440?
435
What is the remainder when 4068396 is divided by 28?
24
Calculate the remainder when 2964322 is divided by 987934.
520
What is the remainder when 2933646 is divided by 8528?
14
Calculate the remainder when 1918058 is divided by 273997.
79
What is the remainder when 12424070 is divided by 131?
30
Calculate the remainder when 127099654 is divided by 6752.
6
What is the remainder when 519244 is divided by 17891?
405
Calculate the remainder when 942907 is divided by 79.
42
Calculate the remainder when 18546137 is divided by 163.
160
Calculate the remainder when 64243 is divided by 64148.
95
Calculate the remainder when 9905191 is divided by 47.
35
Calculate the remainder when 394905 is divided by 2158.
2149
What is the remainder when 1104353 is divided by 873?
8
Calculate the remainder when 21676 is divided by 2614.
764
Calculate the remainder when 529733 is divided by 176525.
158
What is the remainder when 7911964 is divided by 7?
4
What is the remainder when 20737682 is divided by 73020?
2
Calculate the remainder when 2560232 is divided by 54444.
1364
Calculate the remainder when 356524 is divided by 19806.
16
Calculate the remainder when 214703 is divided by 262.
125
Calculate the remainder when 18734 is divided by 3257.
2449
What is the remainder when 816155 is divided by 2443?
193
What is the remainder when 7251229 is divided by 5?
4
Calculate the remainder when 918082 is divided by 4270.
32
What is the remainder when 665435886 